?
False
Is 22328902907 a composite number?
False
Is 39849196879 composite?
True
Is 1858068371 a composite number?
False
Is 16428858443 prime?
True
Is 4741153603 a prime number?
False
Is 3074418055 prime?
False
Is 21422327789 a composite number?
False
Is 352204591 a prime number?
False
Is 48637009 a composite number?
False
Is 14064109093 prime?
False
Is 3714572969 a composite number?
True
Is 9991373507 prime?
True
Is 37143637579 a prime number?
True
Is 95844120241 prime?
True
Is 4370771471 a composite number?
True
Is 49524283 a prime number?
False
Is 21234695561 prime?
True
Is 114836967799 composite?
False
Is 32833537447 composite?
False
Is 211387199 a prime number?
True
Is 5719224851 composite?
False
Is 558616403 a prime number?
True
Is 127023374186 composite?
True
Is 3825733757 prime?
True
Is 2956493557 prime?
True
Is 188244601777 a composite number?
False
Is 813556319 composite?
False
Is 18268774 prime?
False
Is 3239392757 prime?
False
Is 16380400123 a prime number?
False
Is 139947881 composite?
True
Is 4936950497 prime?
False
Is 6490799737 composite?
True
Is 479690569 a composite number?
False
Is 1370005583 composite?
True
Is 27857295677 a prime number?
False
Is 3478603517 a prime number?
True
Is 4029766339 composite?
False
Is 5037088621 a prime number?
True
Is 2762462317 a prime number?
False
Is 4238828497 a prime number?
True
Is 396566963 prime?
False
Is 3869244293 composite?
True
Is 128196392195 a prime number?
False
Is 3418200397 prime?
True
Is 49428529 a prime number?
True
Is 16865982911 a composite number?
True
Is 4710696905 composite?
True
Is 151434298277 a prime number?
True
Is 354884143213 a composite number?
False
Is 38794688873 prime?
True
Is 74757764561 prime?
True
Is 10980539621 prime?
False
Is 2879433311 prime?
False
Is 463444307 a prime number?
True
Is 4051943981 a prime number?
True
Is 23735724323 a prime number?
True
Is 1989528719 composite?
True
Is 803748103 a composite number?
False
Is 2214247657 a prime number?
True
Is 384351745073 prime?
True
Is 16177683481 a composite number?
False
Is 552878453 prime?
False
Is 3439656347 a composite number?
True
Is 62017502671 composite?
False
Is 2151899509 prime?
True
Is 819443497 prime?
False
Is 618155179 composite?
False
Is 59227364707 a composite number?
True
Is 13313134259 a prime number?
True
Is 2801803649 a prime number?
True
Is 14995136183 composite?
False
Is 2593286639 composite?
True
Is 49560743443 prime?
True
Is 4565493151 a prime number?
True
Is 1127268413 composite?
False
Is 735193363 a prime number?
False
Is 26028017083 a composite number?
True
Is 2300991893 a composite number?
False
Is 386732551 composite?
True
Is 1159071061 composite?
True
Is 90166122377 a composite number?
False
Is 11069750981 a prime number?
True
Is 1975183687 prime?
True
Is 47191477 composite?
True
Is 98466161801 a composite number?
True
Is 1258767403 a prime number?
True
Is 471362879 a prime number?
False
Is 1822199637 composite?
True
Is 169534129 a composite number?
False
Is 631207391 prime?
False
Is 2031515383 a composite number?
False
Is 58451227991 a composite number?
True
Is 761601311 prime?
True
Is 18436068887 a composite number?
False
Is 3808522307 a prime number?
True
Is 1441424273 a composite number?
False
Is 2294968009 composite?
True
Is 57539819299 a composite number?
True
Is 7600316863 composite?
True
Is 16695317753 prime?
True
Is 10839217801 a prime number?
True
Is 54979865251 a composite number?
False
Is 872304613 prime?
False
Is 212056177 prime?
False
Is 2771274565 a prime number?
False
Is 11146909 composite?
True
Is 18160439047 a composite number?
False
Is 11704471465 a prime number?
False
Is 1012533163 composite?
True
Is 2386359763 a composite number?
True
Is 290782489 composite?
True
Is 9206823107 a composite number?
True
Is 9784031161 a prime number?
False
Is 74317980647 prime?
False
Is 10828069807 composite?
False
Is 27788708603 prime?
True
Is 58081910477 composite?
False
Is 849071141 composite?
True
Is 8314353979 a composite number?
False
Is 45652886087 prime?
True
Is 17392737491 a prime number?
False
Is 252499297 a prime number?
True
Is 3668532011 composite?
False
Is 1111560907 prime?
True
Is 5206942595 a composite number?
True
Is 119928866741 a prime number?
True
Is 762065867 prime?
True
Is 48682386023 prime?
False
Is 401889559 composite?
False
Is 813840191 a composite number?
False
Is 69715414871 a composite number?
False
Is 29930063 a composite number?
False
Is 5738659327 composite?
False
Is 2198528333 prime?
True
Is 50641823501 composite?
True
Is 6151276597 prime?
True
Is 1821343517 prime?
False
Is 977781237 prime?
False
Is 274889 prime?
True
Is 196605120473 a composite number?
True
Is 1444628357 a composite number?
False
Is 356357503 a prime number?
True
Is 12893595607 a prime number?
True
Is 47654213851 a composite number?
False
Is 1366308061 composite?
False
Is 72331711339 prime?
True
Is 22621219867 composite?
False
Is 3280272553 a composite number?
True
Is 85557807827 a prime number?
True
Is 140225749693 prime?
True
Is 582183019 a composite number?
True
Is 1424154151 a prime number?
False
Is 2900363797 a composite number?
False
Is 5572508411 a prime number?
True
Is 2372790631 prime?
True
Is 712101979 a prime number?
False
Is 83000664113 prime?
False
Is 583837553 composite?
True
Is 1618203331 a composite number?
False
Is 992372531 a prime number?
True
Is 1474177223 a composite number?
False
Is 545975471 a composite number?
True
Is 22093102487 prime?
False
Is 6955586941 a composite number?
True
Is 15878440797 composite?
True
Is 6208226659 a composite number?
True
Is 21825248713 a prime number?
False
Is 6364852547 a composite number?
True
Is 40964525729 prime?
True
Is 3066854237 a composite number?
False
Is 259645182923 a prime number?
False
Is 221603579 a prime number?
True
Is 3400174462 a composite number?
True
Is 12897922901 a prime number?
False
Is 1664385661 prime?
False
Is 340392831073 prime?
True
Is 18281303533 composite?
True
Is 35477717 prime?
False
Is 16621185101 composite?
False
Is 256732914953 composite?
False
Is 1941559787 composite?
True
Is 121871161 composite?
False
Is 260966780431 a composite number?
True
Is 9071811989 a prime number?
True
Is 1757949917 composite?
False
Is 6169218763 a composite number?
True
Is 190121487 prime?
False
Is 5465162653 prime?
True
Is 86128826549 a composite number?
False
Is 2624680403 a composite number?
True
Is 2414991727 prime?
False
Is 13462584337 a composite number?
True
Is 152010444511 composite?
True
Is 6907242241 a prime number?
False
Is 6922281217 a prime number?
True
Is 1459217311 composite?
True
Is 84063085417 a composite number?
True
Is 20915567701 prime?
False
Is 1726409 a prime number?
True
Is 55426691 composite?
False
Is 164675587 composite?
False
Is 174192736813 a prime number?
False
Is 532017787415 prime?
False
Is 27761267 a prime number?
True
Is 752984873 a composite number?
True
Is 2019482269 a composite number?
True
Is 195447590027 prime?
True
Is 2435542847 composite?
False
Is 209810374 a prime number?
False
Is 1275699973 prime?
True
Is 1440702391 composite?
True
Is 1125063047 prime?
True
Is 1216201985 a composite number?
True
Is 94748323 a prime number?
True
Is 14960860043 a prime number?
False
Is 1112129423 composite?
True
Is 1637312683 composite?
True
Is 3437703233 composite?
False
Is 5676932999 composite?
False
Is 6757976767 prime?
False
Is 31058315219 a composite number?
False
Is 61825531 a composite number?
True
Is 38483256391 prime?
True
Is 7856091913 a composite number?
False
Is 9389082647 prime?
False
Is 766710649 a prime number?
True
Is 905805991 a composite number?
True
Is 151571039 a composite number?
False
Is 27419524669 prime?
True
Is 7613475097 composite?
False
Is 5003474071 a composite number?
False
Is 5063915651 a composite number?
False
Is 22132950737 prime?
True
Is 18027971413 composite?
False
Is 1893121597 composite?
True
Is 211732099 composite?
True
Is 7839187381 composite?
False
Is 22652622161 composite?
True
Is 20653350793 a composite number?
False
Is 21658573 prime?
False
Is 1307120251 prime?
True
Is 5455309 a composite number?
False
Is 12731841919 a prime number?
True
Is 14364512671 a prime number?
True
Is 273044819 a prime number?
False
Is 18181572949 composite?
False
Is 29571923